(9).
4
Calculate the remainder when 44 is divided by 100/16*6 - (-8)/16.
6
Let g(n) = -n**2 - 7*n + 31. What is the remainder when 131 is divided by g(-6)?
20
Let o = -134 - -263. Let v = o - 126. Calculate the remainder when v is divided by 1.
0
Let f be (35/(-2))/(2/(-4)). Suppose 4*h - f = -h. What is the remainder when 19 is divided by h?
5
Suppose -359 + 74 = -5*g - 5*b, -5*b + 15 = 0. What is the remainder when 318 is divided by g?
48
Suppose -2*d + 8 = -2*x, 0 = 4*x - x - 3. Suppose j + d = 2*j. What is the remainder when j is divided by 2?
1
Let t = 822 - 613. What is the remainder when t is divided by 27?
20
Let i = -170 + 192. Calculate the remainder when 58 is divided by i.
14
Let l(s) = 2*s**2 - 30*s + 17. Calculate the remainder when 218 is divided by l(15).
14
Suppose -o - g + 11 = 45, -5*g + 15 = 0. Let i = 59 - 81. Let c = i - o. What is the remainder when c is divided by 8?
7
Let h be (-15)/18*3*2. What is the remainder when 53 is divided by (-142)/h - 26/65?
25
Let a = 33 - 29. Suppose 5*h - a*h - 17 = 0. What is the remainder when h is divided by -1 + 12 + 1/(-1)?
7
Suppose -1 = -4*d + 7. Let k = -8 + d. Let a = k - -11. What is the remainder when 19 is divided by a?
4
Let n be (20/(-2))/(-4 - 60/(-16)). Suppose -n*c + 45*c = 135. Calculate the remainder when c is divided by 4.
3
Let w(u) = 4*u**2 + 4*u + 2. Suppose 5*o = -18 - 2. Calculate the remainder when w(4) is divided by 345/20 - (-1)/o.
14
Suppose -3*w = -4*t, -2*w + 2 = -2*t - 0. Calculate the remainder when 32/w + -4 + 22 is divided by (4 - 2)*(-7)/(-2).
5
What is the remainder when 5/(45/1971) + 1 is divided by 77?
66
Suppose -62*y - 54 = -65*y. What is the remainder when 32 is divided by y?
14
Let p(d) = d**2 - 6*d + 4. Let s be p(0). Suppose s*y - u - 161 = 0, 4*y - u - 155 = -6*u. What is the remainder when y is divided by 7?
5
Let s be 34/1 + (11 - 9). Let b = s - 21. Suppose 12*p + 6 = b*p. Calculate the remainder when 5 is divided by p.
1
Let y = -8 + 19. Let f(i) = i**3 - 14*i**2 - 16*i + 10. Let b be f(15). Let p(x) = -x**3 - 2*x**2 + 6*x - 4. What is the remainder when p(b) is divided by y?
8
Let i be 4/1 + (-7)/7. Suppose 5 = 4*r - 5*r, -i*r - 37 = -t. What is the remainder when 13/((-4)/5 - -1) is divided by t?
21
Suppose 0*t - 3*f = 4*t - 344, 5*t + 5*f = 430. What is the remainder when 165 is divided by t?
79
Suppose 4*n = -3*d - 2*d + 656, 0 = -2*d + 3*n + 267. Suppose -f - 15 + d = 0. Calculate the remainder when f is divided by 30.
27
Suppose -4*w - f - 2217 = -10689, 8464 = 4*w - f. What is the remainder when w is divided by 13?
11
Suppose 89*t = 86*t + 225. Calculate the remainder when t is divided by 46.
29
Suppose 18*l = 621 + 261. Calculate the remainder when 95 is divided by l.
46
Suppose -4 + 14 = 5*h. Suppose h*q = -0*q + 154. Let d(j) = 2*j**2 - 4*j. Calculate the remainder when q is divided by d(4).
13
Let h(o) = -6*o + 39. Calculate the remainder when 222 is divided by h(1).
24
Suppose 12*x = -17*x + 2436. What is the remainder when 306 is divided by x?
54
Let a = 48 + -46. Suppose -2*o - 4*f = -48, 38 = 3*o - a*o - 5*f. What is the remainder when o is divided by 6?
4
Let v = 14625 + -14608. Suppose -3*o + 114 = 5*h, 5*h - 81 = -o - o. What is the remainder when o is divided by v?
16
Let g(c) = -c**3 + 8*c**2 - 4*c - 9. Let f = 35 - 10. Let m = 60 - f. What is the remainder when m is divided by g(7)?
11
Let l(z) = 11*z**3 - 4*z**2 + 3*z. Let u be l(3). Suppose -4*a + u = -74. What is the remainder when a is divided by 32?
22
Calculate the remainder when 372 is divided by 20/3 + (-64)/(-192) + 62.
27
Calculate the remainder when 56 is divided by (-464)/48*((-3 - 1) + 1).
27
Let n = 90 - 47. Let j = n - 39. What is the remainder when 6 is divided by j?
2
Let i = -54 - -122. Let p = i - 43. Calculate the remainder when 123 is divided by p.
23
Calculate the remainder when 5 - (-47 + (-7 - -2)) is divided by 24.
9
What is the remainder when 70 is divided by ((-66)/9)/(((-8)/12)/1)?
4
Suppose -7*b = -13*b + 18. Suppose 0 = -b*q + 12*q - 360. What is the remainder when 158 is divided by q?
38
Suppose 2*x - 7 - 12 = 5*s, 4 = -x - 2*s. Suppose 2*d - 15 - 24 = -5*l, -x*d + 3*l + 31 = 0. What is the remainder when 28 is divided by d?
11
Let f = 1 + 1. Suppose l + k = -f*l + 215, -10 = -2*k. Calculate the remainder when l is divided by (-4)/8 + 74/4.
16
Let v = 25 - 6. Let z = 8 + 9. Let y = v - z. Calculate the remainder when y is divided by 1.
0
Suppose 0 = -l + 5*l - 12. Suppose 0 = -p - l*p + 32. Calculate the remainder when p is divided by (6 + 2)*1/2.
0
Let o(t) = -t + 3. Let j be o(-3). Suppose j*x = 2*x. What is the remainder when 47 is divided by (x - 0) + 9 + 3?
11
Suppose -2*q = q - 9, o + 4*q = 14. Suppose 5*x + 6 = f + o, 0 = -3*f - 4*x + 50. Let t = 197 - 188. Calculate the remainder when f is divided by t.
5
Suppose 18 + 98 = 4*g. Let q = -102 - -72. What is the remainder when g is divided by (q/8)/(3/(-8))?
9
Let f(k) = k**2 + 32. Let t be f(0). Suppose -2*w + 2 = -t. What is the remainder when 4/6*3 + 63 is divided by w?
14
Suppose -4*c - 4*b - 9 = -1, -4*b = 3*c + 10. Suppose 0 = -4*z + c*f - 38 + 160, 3*z - 3*f = 90. Calculate the remainder when 87 is divided by z.
25
Let x = 90 + -51. Let m = 651 + -637. Calculate the remainder when x is divided by m.
11
Suppose 3 = 3*x - 3*u, -3*u = -5*x - 8*u + 55. What is the remainder when 65 is divided by x?
5
Let p = -11 - -19. Suppose 40 - 155 = -5*f. Calculate the remainder when (-2)/p + (-1345)/(-20) is divided by f.
21
Let a(t) = -t**3 + t**2 + t + 23. Let n(f) = f - 5. Let b be n(5). Suppose -60 = 3*m - 330. What is the remainder when m is divided by a(b)?
21
Suppose 0*d = -4*d + 12, 26 = t - 4*d. Let p = -18 + t. What is the remainder when p is divided by (57/4 - 96/384)/2?
6
What is the remainder when 95 is divided by -98*(4/(-8))/(-3 - -4)?
46
Let q = 998 - 951. Calculate the remainder when 1080 is divided by q.
46
Let x(y) = 34*y - 299. Suppose -3*b - 1 = 2. What is the remainder when -2 - -1 - 33*b is divided by x(9)?
4
Let g(s) = -22*s - 38. Calculate the remainder when g(-7) is divided by 105.
11
What is the remainder when (-2236)/129*6/(-4) is divided by 13?
0
Suppose -28*v = -7*v - 588. What is the remainder when 111 is divided by v?
27
Let j be (2/6)/(3/54). Suppose -8*n + j = -5*n. Suppose -d = -2*h - 25, -2*d + 46 = -0*d - n*h. What is the remainder when 82 is divided by d?
19
What is the remainder when (-1 + (-12)/(-9))*198 is divided by 19?
9
Let o = 2103 + -2086. Calculate the remainder when 439 is divided by o.
14
Let d = -58 + 111. Suppose 49*q + 152 = d*q. What is the remainder when q is divided by 10?
8
Suppose 0 = -0*n - 5*n + 2*w + 561, 458 = 4*n + 3*w. What is the remainder when n is divided by 59?
54
What is the remainder when 193 is divided by (-2 - (-6)/(-2)) + (113 - 47)?
10
Suppose 0 = 2*q - 53 - 13. What is the remainder when q is divided by (-1)/16 + (-4624)/(-256)?
15
Let m(a) = a - 5. Let v be m(4). Let q = v + 4. Calculate the remainder when q is divided by (-70)/(-21) - ((-12)/(-9))/4.
0
Suppose -5*j = -10, 2*a - 16 = -a + j. Let c(x) = -104*x**2 + 2*x + 1. Let h be c(-1). Let w = h - -114. What is the remainder when w is divided by a?
3
Let k = 110 - 95. Suppose 16*l = k + 65. Let y(p) = 18*p**2 + 2*p - 1. Calculate the remainder when y(1) is divided by l.
4
Suppose -5*s + 2*s = -39. What is the remainder when 166 is divided by s?
10
Let u = 20 - 38. Let m = u + 31. Calculate the remainder when m is divided by ((-10)/2)/(7 - 8).
3
Let v = 50 - 26. Let q = -8 + v. Calculate the remainder when 79 is divided by q.
15
Suppose -378 = 61*q - 70*q. Calculate the remainder when 206 is divided by q.
38
Let t(w) = -3 + 15*w - 5 - 4*w**2 + 3*w**2 - 4. Calculate the remainder when 95 is divided by t(13).
11
Let n(z) = 18*z - 1. Let i be n(3). Suppose 5*o + 8 = i. What is the remainder when o is divided by (0 - 10/1)/(-2)?
4
Suppose 4*k - 12 = 3*n - 8*n, -4*n = -16. Let b(x) = -8*x - 8. Calculate the remainder when 31 is divided by b(k).
7
Suppose k - 136 + 8 = 0. What is the remainder when k is divided by 43?
42
Let b(t) = 5*t + 38. Let l = 7 + 0. Suppose 24 = n - x - 0, -4*n - x + 101 = 0. What is the remainder when b(l) is divided by n?
23
Let k(d) = -d**2 